 digit of 13023?
3
What is the hundreds digit of 9551?
5
What is the tens digit of 11684?
8
What is the hundreds digit of 7007?
0
What is the units digit of 4026?
6
What is the thousands digit of 5819?
5
What is the thousands digit of 14241?
4
What is the hundreds digit of 54449?
4
What is the ten thousands digit of 55715?
5
What is the units digit of 1789?
9
What is the hundreds digit of 3687?
6
What is the tens digit of 36533?
3
What is the ten thousands digit of 15605?
1
What is the tens digit of 919?
1
What is the hundreds digit of 7381?
3
What is the tens digit of 1559?
5
What is the thousands digit of 9221?
9
What is the units digit of 520?
0
What is the tens digit of 2223?
2
What is the units digit of 810?
0
What is the tens digit of 235?
3
What is the ten thousands digit of 68810?
6
What is the thousands digit of 37269?
7
What is the tens digit of 6607?
0
What is the units digit of 383?
3
What is the ten thousands digit of 45210?
4
What is the ten thousands digit of 17350?
1
What is the thousands digit of 3975?
3
What is the tens digit of 17090?
9
What is the units digit of 22331?
1
What is the units digit of 582?
2
What is the tens digit of 3142?
4
What is the thousands digit of 4266?
4
What is the tens digit of 1419?
1
What is the units digit of 64?
4
What is the hundreds digit of 1912?
9
What is the hundreds digit of 3162?
1
What is the thousands digit of 1238?
1
What is the tens digit of 8157?
5
What is the units digit of 257?
7
What is the thousands digit of 1857?
1
What is the tens digit of 5409?
0
What is the tens digit of 141339?
3
What is the thousands digit of 5669?
5
What is the ten thousands digit of 158443?
5
What is the units digit of 7659?
9
What is the hundreds digit of 76030?
0
What is the tens digit of 6972?
7
What is the hundreds digit of 6696?
6
What is the units digit of 286?
6
What is the tens digit of 29301?
0
What is the tens digit of 24209?
0
What is the ten thousands digit of 38480?
3
What is the units digit of 1810?
0
What is the tens digit of 24466?
6
What is the tens digit of 8802?
0
What is the units digit of 1031?
1
What is the hundreds digit of 5463?
4
What is the hundreds digit of 1855?
8
What is the units digit of 6738?
8
What is the tens digit of 6752?
5
What is the hundreds digit of 805?
8
What is the units digit of 85?
5
What is the units digit of 244?
4
What is the ten thousands digit of 14161?
1
What is the hundreds digit of 18137?
1
What is the thousands digit of 92271?
2
What is the hundreds digit of 28530?
5
What is the hundreds digit of 926?
9
What is the thousands digit of 1392?
1
What is the units digit of 7863?
3
What is the units digit of 2375?
5
What is the hundreds digit of 114363?
3
What is the tens digit of 283?
8
What is the units digit of 4473?
3
What is the thousands digit of 18602?
8
What is the tens digit of 15459?
5
What is the ten thousands digit of 13436?
1
What is the hundred thousands digit of 117313?
1
What is the thousands digit of 168020?
8
What is the units digit of 4880?
0
What is the tens digit of 33660?
6
What is the units digit of 30368?
8
What is the hundreds digit of 28864?
8
What is the hundreds digit of 94895?
8
What is the thousands digit of 42110?
2
What is the units digit of 54?
4
What is the ten thousands digit of 72623?
7
What is the tens digit of 110?
1
What is the thousands digit of 50691?
0
What is the units digit of 4875?
5
What is the tens digit of 2253?
5
What is the thousands digit of 25937?
5
What is the units digit of 73329?
9
What is the tens digit of 349?
4
What is the thousands digit of 3196?
3
What is the ten thousands digit of 13421?
1
What is the tens digit of 736?
3
What is the units digit of 9974?
4
What is the tens digit of 20787?
8
What is the thousands digit of 4236?
4
What is the tens digit of 1901?
0
What is the hundreds digit of 579?
5
What is the tens digit of 3885?
8
What is the tens digit of 7671?
7
What is the thousands digit of 5548?
5
What is the ten thousands digit of 25267?
2
What is the ten thousands digit of 52586?
5
What is the units digit of 1019?
9
What is the hundreds digit of 7854?
8
What is the units digit of 293?
3
What is the hundreds digit of 918?
9
What is the tens digit of 869?
6
What is the hundreds digit of 721?
7
What is the hundreds digit of 1025?
0
What is the units digit of 31170?
0
What is the units digit of 1161?
1
What is the thousands digit of 1044?
1
What is the thousands digit of 33634?
3
What is the thousands digit of 8890?
8
What is the thousands digit of 38367?
8
What is the hundreds digit of 3966?
9
What is the tens digit of 1146?
4
What is the units digit of 7690?
0
What is the hundreds digit of 113?
1
What is the units digit of 46127?
7
What is the tens digit of 7691?
9
What is the thousands digit of 43505?
3
What is the tens digit of 611?
1
What is the tens digit of 940?
4
What is the thousands digit of 49826?
9
What is the thousands digit of 129881?
9
What is the tens digit of 27?
2
What is the units digit of 47249?
9
What is the units digit of 3928?
8
What is the tens digit of 9284?
8
What is the thousands digit of 17292?
7
What is the thousands digit of 1478?
1
What is the units digit of 9?
9
What is the units digit of 114520?
0
What is the thousands digit of 4586?
4
What is the units digit of 11508?
8
What is the thousands digit of 6340?
6
What is the thousands digit of 5973?
5
What is the thousands digit of 1279?
1
What is the thousands digit of 108394?
8
What is the ten thousands digit of 108062?
0
What is the hundreds digit of 3063?
0
What is the units digit of 217?
7
What is the thousands digit of 27040?
7
What is the ten thousands digit of 14330?
1
What is the tens digit of 32763?
6
What is the hundreds digit of 2713?
7
What is the units digit of 3179?
9
What is the units digit of 5897?
7
What is the tens digit of 777?
7
What is the hundreds digit of 15418?
4
What is the hundreds digit of 1198?
1
What is the hundreds digit of 110348?
3
What is the units digit of 84132?
2
What is the tens digit of 6849?
4
What is the units digit of 156748?
8
What is the units digit of 1549?
9
What is the tens digit of 528?
2
What is the hundreds digit of 124986?
9
What is the tens digit of 3349?
4
What is the hundreds digit of 1146?
1
What is the hundreds digit of 7194?
1
What is the units digit of 4730?
0
What is the units digit of 2963?
3
What is the thousands digit of 5933?
5
What is the thousands digit of 10703?
0
What is the thousands digit of 4069?
4
What is the tens digit of 5051?
5
What is the ten thousands digit of 61874?
6
What is the hundreds digit of 168?
1
What is the hundreds digit of 14288?
2
What is the thousands digit of 26745?
6
What is the units digit of 5933?
3
What is the hundreds digit of 1248?
2
What is the units digit of 29883?
3
What is the thousands digit of 1698?
1
What is the units digit of 35390?
0
What is the units digit of 1377?
7
What is the ten thousands digit of 29512?
2
What is the units digit of 706?
6
What is the tens digit of 974?
7
What is the thousands digit of 5489?
5
What is the thousands digit of 96987?
6
What is the thousands digit of 2166?
2
What is the hundreds digit of 1715?
7
What is the thousands digit of 3330?
3
What is the hundreds digit of 3132?
1
What is the hundreds digit of 16158?
1
What is the tens digit of 1317?
1
What is the tens digit of 86?
8
What is the hundreds digit of 2198?
1
What is the hundreds digit of 462?
4
What is the hundreds digit of 14206?
2
What is the units digit of 73457?
7
What is the hundreds digit of 61610?
6
What is the hundreds digit of 141503?
5
What is the units digit of 324?
4
What is the thousands digit of 3363?
3
What is the thousands digit of 58542?
8
What is the hundreds digit of 11207?
2
What is the thousands digit of 94540?
4
What is the units digit of 55234?
4
What is the tens digit of 2848?
4
What is the units digit of 40459?
9
What is the thousands digit of 37933?
7
What is the hundreds digit of 1916?
9
What is the thousands digit of 8499?
8
What is the tens digit of 505?
0
What is the tens digit of 2360?
6
What is the thousands digit of 7702?
7
What is the units digit of 6883?
3
What is the ten thousands digit of 67011?
6
What is the thousands digit of 1197?
1
What is the tens digit of 8695?
9
What is the uni